culate the remainder when b is divided by 40.
2
Let h be 1 - (-2 - 0)*82. Suppose -5*u = 2*f - 98, -h = -3*f - 3*u - 0. Let x = 26 + -11. Calculate the remainder when f is divided by x.
14
Let h be 104/(-18) + (-14)/63. Let x be (-202)/6 + h/18. Let y = x + 47. Calculate the remainder when 25 is divided by y.
12
Let i = 28 - -7. Calculate the remainder when ((10 - 11)*346)/(-2) is divided by i.
33
Let a = 178 + -159. Calculate the remainder when 281 is divided by a.
15
Let y(h) = h**2 + 16*h - 53. Calculate the remainder when y(8) is divided by 16.
11
Suppose -2*r + r + 7 = 0. Let d(n) = -2*n**2 + 14*n - 7. Let s be d(6). Suppose -104 = j - s*j. Calculate the remainder when j is divided by r.
5
Suppose r - 186 = -2*f, 15 = -3*f - 2*f. Calculate the remainder when r is divided by 65.
62
Let x be 6/((-2)/(-4) + -2). Let f = x - -8. Suppose f*t - 10 = -t. Calculate the remainder when t is divided by 1.
0
What is the remainder when (-1)/(0 - 4/52) is divided by (-60)/(-14) - 8/28?
1
Suppose 0 = 5*j + 3*k - 19, 4*j + k - 5*k = 28. Suppose 4*z = j*z - 2*s - 20, 5*z - 86 = -4*s. What is the remainder when z is divided by 10?
8
Let w(m) = -1. Let k(n) = 5*n + 7. Let t(y) = k(y) + 6*w(y). Let z = -146 - -152. What is the remainder when t(z) is divided by 17?
14
Let m(j) = j**2. Let x be m(2). Suppose n - x*n - 43 = -2*i, -3*n = 3. Calculate the remainder when i is divided by 12.
8
Let l = 11 - -1. Let w be -11 + -40 + (-3)/(-1). Let o = -1 - w. Calculate the remainder when o is divided by l.
11
Let t = 75 - -164. Calculate the remainder when t is divided by 8.
7
Let a = -31 + 124. Calculate the remainder when a is divided by 20.
13
Let y(h) = h**3 - 3*h**2 + 4*h + 31. What is the remainder when 92 is divided by y(0)?
30
Let g be (-8)/(-2)*35/20. Suppose -8 = -2*u - 4*s, 4*s = -u + g*s + 4. Suppose 3*k + 28 = 4*m, -3*m - k + u = k. What is the remainder when 19 is divided by m?
3
Suppose 4*d = -3*g + 89, -10*d + 6*d = 5*g - 143. What is the remainder when 77 is divided by g?
23
Suppose 6*m + 70 = -m. Calculate the remainder when 52 is divided by (171/(-45))/(2/m).
14
Let g(t) = -3*t + 8. Let w(k) = -2*k + 7. Let h(f) = 5*g(f) - 6*w(f). Suppose 0 = 3*b - 8*b - 25. Calculate the remainder when 51 is divided by h(b).
12
Let t(f) = f**3 - 13*f**2 - f + 17. Let n be t(13). Suppose -p + n*p = 114. What is the remainder when 149 is divided by p?
35
Let j = 16 - -20. Suppose 0 = 44*o - 40*o - 196. Suppose -3*t + o = 5*a - 40, 5*a - 4*t - 103 = 0. Calculate the remainder when j is divided by a.
17
Let t(g) = g**2 + 9*g - 17. Let l = -23 + 12. What is the remainder when t(l) is divided by 2?
1
Calculate the remainder when 393 is divided by (38/(-76) + 10/(-12))*-27.
33
What is the remainder when ((7 - -4) + 32)*7 is divided by 99?
4
Let z(c) = 38*c**2 - 2*c - 1. Let y(u) = -u**3 + 54*u**2 - 197*u - 139. What is the remainder when z(-1) is divided by y(50)?
6
Suppose -31*n = -37*n - 144. Let p = n - -128. What is the remainder when p is divided by 12?
8
Let i = 378 - 345. What is the remainder when 75 is divided by i?
9
Suppose 5*j - 880 - 395 = 0. Suppose 5*h + j = 5*c, -2*c + 100 = -0*c - 3*h. Let z = 112 - c. What is the remainder when z is divided by 31?
28
Suppose a - 22 = -5. Calculate the remainder when (-8)/(-36) - (-1130)/18 is divided by a.
12
What is the remainder when (24/10)/6 - (-197784)/90 is divided by 71?
68
Calculate the remainder when (2 + -7)/((-10)/78) is divided by 11.
6
Let l(n) = -12*n - 3. Let g be (4 - 44/(-6))*-3. Let m = 117 + g. Calculate the remainder when m is divided by l(-2).
20
Suppose 5*v + 95 = 4*q, -4*v = 3*q - 2*v - 100. What is the remainder when 569 is divided by q?
29
Let k = -154 + 175. What is the remainder when 61 is divided by k?
19
Suppose -w = 4*x - 6*w - 245, -x = -3*w - 63. Suppose 28*b = 27*b + 32. What is the remainder when x is divided by b?
28
Suppose -2*n = 4*s + 128 - 1764, 5*s - 5 = 0. What is the remainder when n/27 - (-4)/(-18) is divided by 11?
8
Let s(q) = q**3 + 7*q**2 + 6*q - 6. Suppose 2*c = 5*i - 35, -44 = -4*i - 5*c - 49. Calculate the remainder when s(-5) is divided by i.
4
Suppose -115*q + 106*q + 792 = 0. Calculate the remainder when q is divided by 36.
16
Let s(b) = -b**3 - 4*b**2 + 3*b - 1. Let t be 5*1*(19 - 20). What is the remainder when (-9)/(-1)*(-11)/(-3) is divided by s(t)?
6
Suppose -g + 121 = x, 2*g - 104 = 2*x + 122. Calculate the remainder when g is divided by 8.
5
Let h = -1 - -44. Let p(q) = 235*q + 11. Calculate the remainder when h is divided by p(0).
10
Let c = -476 - -501. Calculate the remainder when 42 is divided by c.
17
Let m(t) = -8*t + 351. Calculate the remainder when m(25) is divided by 30.
1
Let p be ((-360)/28)/((-9)/(-42)). Let x = p + 108. Suppose k - 4*k + x = 5*s, 0 = 3*s + 5*k - 32. What is the remainder when 26 is divided by s?
8
Suppose 21*n = 23*n + 4*c - 44, 4*n + 2*c = 70. Calculate the remainder when 271 is divided by n.
15
Let v(l) = -l**2 - 8*l - 2. What is the remainder when ((-1521)/(-27))/(-13)*(-5)/(20/24) is divided by v(-6)?
6
Suppose 0 = 3*h + 3*t - 54, -2*h + 2*t + 34 = -18. Suppose 8*j = 3*j - 30. What is the remainder when j/(-18) + (-388)/(-6) is divided by h?
21
Suppose 0*d + 5*t = -2*d + 26, 0 = -d - 5*t + 18. Let h = d + 18. What is the remainder when h is divided by 9?
8
Suppose -4*f - w + 2*w + 8 = 0, -5*f = 2*w - 10. Suppose -2*x + 3*y + 28 = 0, -x + 37 = f*x - 2*y. Calculate the remainder when x is divided by 5.
1
Suppose -m = -2*j - 6*m + 10, -87 = -5*j + 3*m. Calculate the remainder when j/25 - 4/(-10) is divided by (3/21 + 0)*7.
0
Let k = -289 + 149. Let v = -92 - k. Let o = 19 + -2. What is the remainder when v is divided by o?
14
Suppose 5*p + 5*k - 820 = 0, p - 176 = 5*k - 3*k. Calculate the remainder when p is divided by 55.
3
Let h = -33 + 57. Suppose -16 - h = -5*a. Let y(d) = 14*d - 13. What is the remainder when y(a) is divided by 25?
24
Let i = 144 - 121. Suppose -152 = 5*h - 577. What is the remainder when h is divided by i?
16
What is the remainder when 201 - -5 - (-22)/2 is divided by 17?
13
Let n(d) = -d**2 + 61*d - 302. What is the remainder when 37 is divided by n(55)?
9
Let h = 45 - 28. What is the remainder when (-32)/2*(-3 - (-2 - -1)) is divided by h?
15
Suppose -15*i + 1370 = 335. Calculate the remainder when 174 is divided by i.
36
Let u be (0 - 2) + 4 + -1. Let j(o) = 49*o - 1. Let f(g) = 10*g - 33. Calculate the remainder when j(u) is divided by f(5).
14
Let k = 4830 + -4787. Suppose 4*f = 5*r + 315, 4*f + 0*r - 330 = 2*r. Calculate the remainder when f is divided by k.
42
Calculate the remainder when 71 is divided by 8 - 8 - (-25 + (-3)/(-3)).
23
Suppose 3*s - 4*s = 21. Calculate the remainder when 7/s - 332/(-6) is divided by 28.
27
Let h = -349 + 199. Calculate the remainder when (h/36 - 2/(-3))*-26 is divided by 32.
27
Let i = 988 + -591. Calculate the remainder when i is divided by 19.
17
Let k be (-12)/(-9)*63 - -2. Suppose 0 = -4*c - 2*f + k, -130 = -3*c - 2*c + 5*f. Calculate the remainder when c is divided by 1/4 - 403/(-52).
7
Let n(p) = 2*p - 6. Let o(b) = b**3 - 6*b**2 + 9. Let u be o(6). Calculate the remainder when -1*((-3)/3 + -20) is divided by n(u).
9
Suppose -6*j - 6 + 24 = 0. Calculate the remainder when 33 is divided by j.
0
Let m = 149 - 48. What is the remainder when m is divided by 53?
48
What is the remainder when 3/((-66)/4) + 143246/1474 is divided by 1*(-2 - -11) + 2?
9
Suppose 585 = 3*x + 4*s, -5*x + 1243 = 2*s + 268. Suppose 2*o + 3*o = c + 338, -3*o + x = 2*c. Calculate the remainder when o is divided by (-3 - -2)*(-26 + 3).
21
Suppose -a - 2*p = -2*a + 106, 5*p = 2*a - 215. What is the remainder when a is divided by 51?
49
Suppose -4*w + 88 = -2*w. Let a = w + 0. Suppose 0 = -3*p + 2*p + 12. What is the remainder when a is divided by p?
8
Suppose -43 = -u + 5*f, f + 17 + 6 = u. What is the remainder when 88 is divided by u?
16
Let r be (-5751)/(-45) - (-1)/5. Let q = -88 + r. Calculate the remainder when q is divided by 11.
7
Let q = 1611 + -1530. What is the remainder when 566 is divided by q?
80
Let r(g) = g**3 + g**2 - g. Suppose -8 + 10 = 2*u. Let f be r(u). Let m(q) = 4*q**2 - 3*q + 2. Calculate the remainder when 5 is divided by m(f).
2
Let a(z) be the second derivative o